and b?
14
Suppose -2*f + 0*f + 8 = -3*n, 2*f = -3*n + 8. What is the greatest common factor of f and 36?
4
Let o(w) = -5*w**3 - 12*w**2 - 3*w + 3. Let l(t) = -t**3 - t**2 + t. Let j(k) = -4*l(k) + o(k). Let v be j(-7). What is the highest common divisor of 6 and v?
3
Let o be (-3 - 1)/((-2)/2). Suppose -o*j + 61 = 17. Calculate the highest common factor of 33 and j.
11
Let o = -75 - -76. Let l(c) = -c**3 + 3*c**2 + 3*c + 1. Let j be l(3). What is the highest common factor of j and o?
1
Suppose 28 = 3*y + y. Let d = y + -3. Suppose -d*a - t = -87, 8*a - 3*a = -4*t + 117. Calculate the highest common factor of a and 14.
7
Suppose -z - 34 = -102. Suppose -z = -4*f + 3*g, 1 = 2*f + 3*g - 15. Suppose 35 = -0*p + 5*p. Calculate the highest common factor of p and f.
7
Let z(c) = -2*c - 19. Let i(r) = -r. Let p(s) = i(s) - z(s). Let o be p(-11). What is the greatest common factor of o and 40?
8
Let b = 12 - -8. What is the highest common divisor of 30 and b?
10
Let x(l) = -31*l**2. Let z be x(2). Let n = -76 - z. What is the highest common factor of n and 12?
12
Let q(y) = y**2 + 5*y + 4. Let f be q(-6). Let g = -5 + f. Suppose r - 22 = -3*w + g*r, -3*w + 40 = 5*r. Calculate the greatest common divisor of w and 30.
10
Let i = 6 - 2. Let f(j) = -2*j**2 - 6*j + 9. Let a(s) = -s**2 + 1. Let r(l) = 3*a(l) - f(l). Let x be r(i). Calculate the greatest common factor of 14 and x.
2
Suppose -4*m + 8 = -8. Calculate the highest common factor of 10 and m.
2
Let q = -6 - -4. Let p be (q - -1)*(-1 + -164). Suppose -h - p = -6*h. What is the highest common divisor of 11 and h?
11
Suppose 193 = 4*h - 167. Let k be 2/(-5) - (-1274)/35. What is the highest common factor of h and k?
18
Suppose h + 15 - 17 = 0. What is the greatest common divisor of 4 and h?
2
Suppose 6*y - 473 - 55 = 0. What is the highest common divisor of y and 8?
8
Suppose 75 = k + u + 2*u, 4*k = -u + 333. Suppose 3*w = -2*a - 3*a + 80, 4*w - k = -a. What is the highest common divisor of 140 and w?
20
Let o(n) = -12*n**3 - n**2 + 1. Let l be o(-1). Let i(m) = 9*m - 93. Let p be i(17). Calculate the highest common divisor of p and l.
12
Let l(k) = k**3 + 10*k**2 - 4*k - 13. Suppose -3*n - 27 = -3. Let c = n - 2. Let q be l(c). What is the highest common factor of 18 and q?
9
Let f be (-1998)/(-5) + (-3)/5. Suppose t - 4*t = -f. Let l = 254 - t. Calculate the greatest common factor of 11 and l.
11
Suppose h = 82 + 22. Let x = h - 57. Suppose o + 5*f = 75, -x = -3*o + 2*o + 2*f. What is the highest common factor of 11 and o?
11
Let w = -1 - -3. Suppose -32 = -4*k - 4*f, 0 = -k + 3*k - w*f. Suppose -t + 4 = t. Calculate the greatest common divisor of t and k.
2
Let n = 33 - 21. What is the greatest common factor of n and 8?
4
Suppose 0 = z - 1 + 3. Let f be 0 + z + (-1 - -7). Suppose 3*c = 46 - f. Calculate the highest common divisor of c and 35.
7
Let b be 0 + -1 + 1*8. Let d be (-1124)/14 + 2/7. Let t = d + 115. What is the highest common factor of b and t?
7
Suppose 0 = 2*j - j. Suppose j = 4*p - 16 - 20. What is the highest common factor of 99 and p?
9
Let n = -8 + -3. Suppose 5*k + 88 = 4*s, -2*s + 0*k + 54 = -5*k. Let r = n + s. Calculate the greatest common divisor of r and 15.
3
Let y(a) = 3*a**2 - 9*a + 1. Let s be y(6). Calculate the highest common factor of 5 and s.
5
Suppose x - 27 = -2*x. What is the highest common factor of 9 and x?
9
Let w be 146/10 + 8/20. Calculate the greatest common factor of 135 and w.
15
Suppose -t + 2*i - 6*i = -2, 2*t - 2*i = 4. Suppose -t*w + 10 = -34. Calculate the greatest common divisor of 2 and w.
2
Suppose -4*a + 756 = -140. Calculate the highest common divisor of a and 28.
28
Suppose u - 17 = -3*j, 3*u - 2*j = 7*u - 48. What is the greatest common factor of u and 110?
11
Let t(j) = 6*j + 9. Let y be t(4). Calculate the greatest common factor of 132 and y.
33
Let z = -49 + 88. Calculate the highest common divisor of z and 234.
39
Let o(q) = -q**3 - 2*q**2 + 4*q + 4. Let m be o(-4). Let r = 38 - m. Let a = -10 + r. What is the greatest common factor of a and 4?
4
Let j = 95 - 17. Calculate the highest common factor of 26 and j.
26
Let p(k) = 2*k**2 - k - 3. Let b be p(-3). Suppose j - b = -2*j. Suppose 2*y + j = 18. Calculate the greatest common factor of y and 2.
2
Suppose 5*c - 165 = -3*y, 2*c - 3*y = -7*y + 80. What is the highest common factor of 210 and c?
30
Suppose 4*y - 155 = 3*q, 3*q = -4*y - 2*q + 115. Calculate the greatest common factor of 245 and y.
35
Suppose -2*f = -3 - 19. What is the greatest common factor of f and 44?
11
Let m(b) = -12*b + 12. Let h be m(-5). Calculate the greatest common factor of h and 12.
12
Let f be 3/((-5)/375*-5). Calculate the highest common factor of f and 90.
45
Let l(a) = a + 7. Let f be l(-5). Suppose -3 = c - f*c. Calculate the highest common divisor of c and 3.
3
Suppose -2*a = a - 48. What is the highest common divisor of a and 1?
1
Let o be (2 + 0)*-1 + 22. Let s = 22 + o. Let d = -18 - -32. What is the highest common divisor of s and d?
14
Let f be (-600)/(-33) + (-10)/55. What is the greatest common divisor of 27 and f?
9
Let t be 1 + (-350)/(-5) + -3. Calculate the greatest common factor of 170 and t.
34
Let s be 2/(-4) + (-46)/(-4). Let y(l) = 5*l - 5. Let t be y(2). Suppose -s = -t*g + 64. What is the highest common divisor of 105 and g?
15
Suppose 2*j = -3*w + 3, 6*j - j - 10 = -5*w. Suppose 2*h = 3*h - i - j, -4 = -i. Let o be (3 - 5)/(-1) + -1. Calculate the highest common divisor of o and h.
1
Let a be (-2 - -7)*8/20. Suppose u - 8 = -u - 3*z, 5*u - a*z - 39 = 0. Calculate the highest common factor of 14 and u.
7
Suppose -3*x + 5*b = -298, x - 5*b - 95 - 11 = 0. Let c(r) = -1 + 13*r**2 + 3 - 3. Let l be c(1). Calculate the highest common factor of l and x.
12
Suppose -y + 5*b = -0*b + 8, -5*y + 4 = -3*b. Suppose y*g - 40 = -0*g. Suppose 5*r - d - 249 = -0*d, d - 51 = -r. What is the highest common factor of r and g?
10
Let u(o) = -7*o**3 + 2*o**2 - 2*o - 5. Let x be u(-2). Calculate the greatest common factor of 9 and x.
9
Suppose -6*y + 8*y - 4 = 0. Calculate the greatest common factor of y and 8.
2
Suppose l - 21 = -0*l. Calculate the highest common divisor of l and 63.
21
Let o be -1*(-6)/(-2) - -8. Suppose -3*k + 25 = 5*p, -o*k - 50 + 17 = -p. What is the highest common divisor of p and 40?
8
Suppose 5*v = 5*n + 65, -71 + 3 = 4*n + 4*v. Let t = 24 + n. What is the highest common factor of t and 99?
9
Let a = -2 - -13. Suppose 3*c + a = -1. Let j be -16*-2*(-1)/c. What is the greatest common factor of j and 8?
8
Let c be 1 + -24*(-2)/3. Suppose 2*o + 477 = 3*m - o, 4*o = 3*m - 481. Let n = m - 36. What is the highest common divisor of n and c?
17
Suppose 2*f = 5*i - 2*f - 47, -4*i - 4*f + 16 = 0. Let l be (-1)/2*-244 + 4. Suppose -l = 4*d - 6*d. Calculate the greatest common divisor of d and i.
7
Let s(o) = 11*o**2 + 5*o - 1. Let t be s(-5). Let f be (-4)/18 + t/27. Suppose -43 = -4*c + f. Calculate the highest common factor of c and 26.
13
Suppose 3*v - a - 111 = 2*a, 2*v = -4*a + 44. What is the greatest common divisor of v and 288?
32
Suppose 4*a - 80 = -4*w, -2*a - 5 = -3*a. Let p(m) = 1152*m + 2. Let v be p(2). Let n be 6/21 + v/14. Calculate the highest common factor of w and n.
15
Suppose -58*v = -50*v - 56. Let x(r) = r + 1. Let l be x(6). What is the greatest common factor of l and v?
7
Let t(c) = -3*c - 17. Let k be t(-8). What is the highest common factor of 63 and k?
7
Let p(b) = -121*b. Let r be p(-2). What is the highest common divisor of r and 22?
22
Let n(v) = 56*v**3 - 2*v**2 + v. Let o be n(1). Calculate the greatest common factor of 22 and o.
11
Let p(z) = z - 1. Let j(w) = -14*w + 4. Let i(o) = -j(o) - 5*p(o). Let b be i(3). Let l be ((-126)/3)/(-3) + 0. What is the highest common divisor of b and l?
14
Let g(p) = 49*p**3 - p + 2. Let q be g(1). What is the highest common divisor of q and 20?
10
Let w = 75 + 173. Calculate the greatest common factor of 31 and w.
31
Let m(u) = u**3 - 11*u**2 - 12*u + 16. Let x be m(12). Calculate the highest common factor of 128 and x.
16
Let o be -3*(1 - (-129)/9). Let g = o + 123. Calculate the highest common factor of 7 and g.
7
Suppose -3*m - 5*c = -9*c - 37, 4*c - 7 = -m. What is the greatest common divisor of m and 33?
11
Let v = 62 +